{"id":38784,"date":"2025-02-02T11:09:23","date_gmt":"2025-02-02T11:09:23","guid":{"rendered":"https:\/\/www.365scores.com\/es\/news\/?page_id=38784"},"modified":"2025-02-04T16:31:30","modified_gmt":"2025-02-04T16:31:30","slug":"hidden-gems-of-ronaldos-legacy","status":"publish","type":"page","link":"https:\/\/www.365scores.com\/es\/news\/ronaldo-turns-40\/hidden-gems-of-ronaldos-legacy\/","title":{"rendered":"Hidden Gems of Ronaldo\u2019s Legacy"},"content":{"rendered":"\n<h1 class=\"wp-block-heading headingFirstRow\">Las joyas ocultas del<\/h1>\n\n\n\n<h2 class=\"wp-block-heading headingSecondRow\">legado de Ronaldo<\/h2>\n\n\n\n<figure class=\"wp-block-image alignwide size-large mainImageCR\"><img decoding=\"async\" src=\"https:\/\/www.365scores.com\/news\/wp-content\/uploads\/2025\/01\/ronaldo-legacy-header-image-1-985x1024.jpg\" alt=\"\" class=\"wp-image-8251\"\/><\/figure>\n\n\n\n<div class=\"wp-block-group mobileContent is-vertical is-content-justification-center is-layout-flex wp-container-core-group-is-layout-4b2eccd6 wp-block-group-is-layout-flex\">\n<div class=\"wp-block-columns are-vertically-aligned-center is-not-stacked-on-mobile is-layout-flex wp-container-core-columns-is-layout-9d6595d7 wp-block-columns-is-layout-flex\">\n<div class=\"wp-block-column is-vertically-aligned-center is-layout-flow wp-block-column-is-layout-flow\"><div class=\"wp-block-image\">\n<figure class=\"alignleft size-large is-resized\"><img decoding=\"async\" src=\"https:\/\/www.365scores.com\/news\/wp-content\/uploads\/2025\/01\/real-madrid-\u05d9heighest-jump-eve-1-1-378x1024.png\" alt=\"\" class=\"wp-image-8254\" style=\"width:130px\"\/><\/figure><\/div><\/div>\n\n\n\n<div class=\"wp-block-column is-vertically-aligned-center is-layout-flow wp-block-column-is-layout-flow\" style=\"flex-basis:70%\">\n<p class=\"has-text-align-left\">La ilustre carrera de Cristiano Ronaldo est\u00e1 adornada con numerosos r\u00e9cords y logros ampliamente conocidos. Sin embargo, hay varias haza\u00f1as menos conocidas que destacan a\u00fan m\u00e1s su talento excepcional y su dedicaci\u00f3n al f\u00fatbol. Aqu\u00ed te presentamos algunos logros \u00fanicos que muchos fan\u00e1ticos podr\u00edan no conocer:<\/p>\n<\/div>\n<\/div>\n\n\n\n<h3 class=\"wp-block-heading has-text-align-center hasBlueBG has-white-color has-global-color-background-color has-text-color has-background has-link-color wp-elements-9bafa1e3130e595c4b55135d8565ba6a\">2.93 metros (9.6 pies) &#8211; Salto m\u00e1s alto registrado para un gol de cabeza<\/h3>\n\n\n\n<h3 class=\"wp-block-heading has-text-align-center hasBlueBG has-white-color has-global-color-background-color has-text-color has-background\" style=\"font-size:19px\">833 &#8211; Mayor cantidad de partidos ganados en la historia del f\u00fatbol<\/h3>\n\n\n\n<h3 class=\"wp-block-heading has-text-align-center hasBlueBG has-white-color has-global-color-background-color has-text-color has-background\" style=\"font-size:19px\">Primer jugador en marcar en todos los minutos de un partido<\/h3>\n\n\n\n<h3 class=\"wp-block-heading has-text-align-center hasBlueBG has-white-color has-global-color-background-color has-text-color has-background has-link-color wp-elements-d900de518bba91d9fe82997c6fef049a\">Primer jugador en ser m\u00e1ximo goleador en cuatro ligas diferentes:<\/h3>\n\n\n\n<ul class=\"wp-block-list\">\n<li><strong>Premier League (Inglaterra):<\/strong><br>Con el <a href=\"https:\/\/www.365scores.com\/es\/football\/team\/manchester-united-105\">Manchester United <\/a>en la temporada 2007\u20132008<\/li>\n\n\n\n<li><strong>La Liga (Espa\u00f1a):<\/strong><br>Con el <a href=\"https:\/\/www.365scores.com\/es\/football\/team\/real-madrid-131\">Real Madrid<\/a> en las temporadas 2010\u20132011, 2013\u20132014 y 2014\u20132015<\/li>\n\n\n\n<li><strong>Serie A (Italia)<\/strong><br>Con la <a href=\"https:\/\/www.365scores.com\/es\/football\/team\/juventus-226\">Juventus<\/a> en la temporada 2020\u20132021<\/li>\n\n\n\n<li><strong>Saudi Pro League (Arabia Saudita)<\/strong><br>Con el<a href=\"https:\/\/www.365scores.com\/es\/football\/team\/al-nassr-fc-riyadh-7549\"> Al-Nassr <\/a>en la temporada 2023\u20132024<\/li>\n<\/ul>\n\n\n\n<figure class=\"wp-block-image size-full\"><img loading=\"lazy\" decoding=\"async\" width=\"668\" height=\"582\" src=\"https:\/\/www.365scores.com\/es\/news\/wp-content\/uploads\/2025\/02\/cr7-portugal.png\" alt=\"\" class=\"wp-image-38855\" srcset=\"https:\/\/www.365scores.com\/es\/news\/wp-content\/uploads\/2025\/02\/cr7-portugal.png 668w, https:\/\/www.365scores.com\/es\/news\/wp-content\/uploads\/2025\/02\/cr7-portugal-300x261.png 300w\" sizes=\"auto, (max-width: 668px) 100vw, 668px\" \/><\/figure>\n<\/div>\n\n\n\n<div class=\"wp-block-group DesktopContent is-vertical is-layout-flex wp-container-core-group-is-layout-b7faace9 wp-block-group-is-layout-flex\">\n<div class=\"wp-block-columns is-layout-flex wp-container-core-columns-is-layout-9d6595d7 wp-block-columns-is-layout-flex\">\n<div class=\"wp-block-column is-layout-flow wp-block-column-is-layout-flow\" style=\"flex-basis:33.33%\">\n<figure class=\"wp-block-image size-full crJump\"><img decoding=\"async\" src=\"https:\/\/www.365scores.com\/news\/wp-content\/uploads\/2025\/01\/real-madrid-\u05d9heighest-jump-eve-1-1.png\" alt=\"\" class=\"wp-image-8254\"\/><\/figure>\n<\/div>\n\n\n\n<div class=\"wp-block-column is-vertically-aligned-top is-layout-flow wp-block-column-is-layout-flow\" style=\"flex-basis:66.66%\">\n<div style=\"height:45px\" aria-hidden=\"true\" class=\"wp-block-spacer\"><\/div>\n\n\n\n<p>Cristiano Ronaldo&#8217;s illustrious career is adorned with numerous well-known records and achievements. However, several lesser-known feats further underscore his exceptional talent and dedication to football. Here are some unique accomplishments that many fans might not be aware of:<\/p>\n\n\n\n<div style=\"height:180px\" aria-hidden=\"true\" class=\"wp-block-spacer\"><\/div>\n\n\n\n<div class=\"wp-block-columns is-layout-flex wp-container-core-columns-is-layout-9d6595d7 wp-block-columns-is-layout-flex\">\n<div class=\"wp-block-column floatText is-layout-flow wp-block-column-is-layout-flow\">\n<p class=\"blueBG has-white-color has-global-color-background-color has-text-color has-background has-link-color wp-elements-c565462a284869cde02d7b0fc23ba049\" style=\"font-size:24px\"><strong>2.93 metros (9.6 pies) &#8211; Salto m\u00e1s alto registrado para un gol de cabeza<\/strong><\/p>\n\n\n\n<p class=\"blueBG has-white-color has-global-color-background-color has-text-color has-background\" style=\"font-size:24px\"><strong>833 &#8211; Mayor cantidad de partidos ganados en la historia del f\u00fatbol<\/strong><\/p>\n\n\n\n<p class=\"blueBG has-white-color has-global-color-background-color has-text-color has-background\" style=\"font-size:24px\"><strong>Primer jugador en marcar en todos los minutos de un partido<\/strong><\/p>\n\n\n\n<p class=\"blueBG has-white-color has-global-color-background-color has-text-color has-background has-link-color wp-elements-cd423acf179139faaec5886edc677fd8\" style=\"font-size:24px\"><strong>Primer jugador en ser m\u00e1ximo goleador en cuatro ligas diferentes:<\/strong><\/p>\n<\/div>\n<\/div>\n\n\n\n<div class=\"wp-block-columns is-layout-flex wp-container-core-columns-is-layout-9d6595d7 wp-block-columns-is-layout-flex\">\n<div class=\"wp-block-column is-layout-flow wp-block-column-is-layout-flow\">\n<div style=\"height:10px\" aria-hidden=\"true\" class=\"wp-block-spacer\"><\/div>\n\n\n\n<div class=\"wp-block-columns is-layout-flex wp-container-core-columns-is-layout-9d6595d7 wp-block-columns-is-layout-flex\">\n<div class=\"wp-block-column is-layout-flow wp-block-column-is-layout-flow\" style=\"flex-basis:10%\">\n<p class=\"has-global-color-color has-global-color-background-color has-text-color has-background has-link-color wp-elements-19e66466e0a049e7be44a95b042189dc\" style=\"font-size:10px\">*<\/p>\n<\/div>\n\n\n\n<div class=\"wp-block-column is-layout-flow wp-block-column-is-layout-flow\" style=\"flex-basis:66.66%\">\n<p><strong>Premier League (Inglaterra)<br><\/strong>Con el Manchester United en la temporada 2007\u20132008<\/p>\n<\/div>\n<\/div>\n\n\n\n<div style=\"height:10px\" aria-hidden=\"true\" class=\"wp-block-spacer\"><\/div>\n\n\n\n<div class=\"wp-block-columns is-layout-flex wp-container-core-columns-is-layout-9d6595d7 wp-block-columns-is-layout-flex\">\n<div class=\"wp-block-column is-layout-flow wp-block-column-is-layout-flow\" style=\"flex-basis:10%\">\n<p class=\"has-global-color-color has-global-color-background-color has-text-color has-background has-link-color wp-elements-19e66466e0a049e7be44a95b042189dc\" style=\"font-size:10px\">*<\/p>\n<\/div>\n\n\n\n<div class=\"wp-block-column is-layout-flow wp-block-column-is-layout-flow\" style=\"flex-basis:66.66%\">\n<p><strong>La Liga (Espa\u00f1a)<br><\/strong>Con el Real Madrid en las temporadas 2010\u20132011, 2013\u20132014 y 2014\u20132015<\/p>\n<\/div>\n<\/div>\n\n\n\n<div style=\"height:10px\" aria-hidden=\"true\" class=\"wp-block-spacer\"><\/div>\n\n\n\n<div class=\"wp-block-columns is-layout-flex wp-container-core-columns-is-layout-9d6595d7 wp-block-columns-is-layout-flex\">\n<div class=\"wp-block-column is-layout-flow wp-block-column-is-layout-flow\" style=\"flex-basis:10%\">\n<p class=\"has-global-color-color has-global-color-background-color has-text-color has-background has-link-color wp-elements-19e66466e0a049e7be44a95b042189dc\" style=\"font-size:10px\">*<\/p>\n<\/div>\n\n\n\n<div class=\"wp-block-column is-layout-flow wp-block-column-is-layout-flow\" style=\"flex-basis:66.66%\">\n<p><strong>Serie A (Italia)<br><\/strong>Con la Juventus en la temporada 2020\u20132021<\/p>\n<\/div>\n<\/div>\n\n\n\n<div style=\"height:10px\" aria-hidden=\"true\" class=\"wp-block-spacer\"><\/div>\n\n\n\n<div class=\"wp-block-columns is-layout-flex wp-container-core-columns-is-layout-9d6595d7 wp-block-columns-is-layout-flex\">\n<div class=\"wp-block-column is-layout-flow wp-block-column-is-layout-flow\" style=\"flex-basis:10%\">\n<p class=\"has-global-color-color has-global-color-background-color has-text-color has-background has-link-color wp-elements-19e66466e0a049e7be44a95b042189dc\" style=\"font-size:10px\">*<\/p>\n<\/div>\n\n\n\n<div class=\"wp-block-column is-layout-flow wp-block-column-is-layout-flow\" style=\"flex-basis:66.66%\">\n<p><strong>Saudi Pro League (Arabia Saudita)<br><\/strong>Con el Al-Nassr en la temporada 2023\u20132024<\/p>\n<\/div>\n<\/div>\n<\/div>\n<\/div>\n\n\n<div class=\"wp-block-image\">\n<figure class=\"alignright size-full\"><img decoding=\"async\" src=\"https:\/\/www.365scores.com\/news\/wp-content\/uploads\/2025\/01\/Real-madrid-Chapter-2-1-1.png\" alt=\"\" class=\"wp-image-8256\"\/><\/figure><\/div><\/div>\n<\/div>\n<\/div>\n\n\n\n<div style=\"height:50px\" aria-hidden=\"true\" class=\"wp-block-spacer\"><\/div>\n\n\n\n<div class=\"wp-block-group rowWidthSocial is-vertical is-content-justification-center is-layout-flex wp-container-core-group-is-layout-4b2eccd6 wp-block-group-is-layout-flex\">\n<h2 class=\"wp-block-heading has-text-align-center\">Primera persona en alcanzar 1 bill\u00f3n de seguidores en redes sociales<\/h2>\n\n\n\n<p class=\"has-text-align-center\">A partir de enero de 2025, Cristiano Ronaldo ha superado a Taylor Swift en el total de seguidores en redes sociales. La cantidad combinada de seguidores de Ronaldo en todas las plataformas supera los mil millones, lo que lo convierte en la persona m\u00e1s seguida a nivel mundial. En contraste, Taylor Swift tiene aproximadamente 552 millones de seguidores en sus cuentas de redes sociales.<\/p>\n\n\n\n<figure class=\"wp-block-image size-full\"><img loading=\"lazy\" decoding=\"async\" width=\"802\" height=\"666\" src=\"https:\/\/www.365scores.com\/es\/news\/wp-content\/uploads\/2025\/02\/like-social.jpg\" alt=\"\" class=\"wp-image-38936\" style=\"object-fit:cover\" srcset=\"https:\/\/www.365scores.com\/es\/news\/wp-content\/uploads\/2025\/02\/like-social.jpg 802w, https:\/\/www.365scores.com\/es\/news\/wp-content\/uploads\/2025\/02\/like-social-300x249.jpg 300w, https:\/\/www.365scores.com\/es\/news\/wp-content\/uploads\/2025\/02\/like-social-768x638.jpg 768w\" sizes=\"auto, (max-width: 802px) 100vw, 802px\" \/><\/figure>\n<\/div>\n\n\n\n<div style=\"height:80px\" aria-hidden=\"true\" class=\"wp-block-spacer\"><\/div>\n\n\n\n<h2 class=\"wp-block-heading has-text-align-center\">Primer atleta activo en deportes de equipo en superar $1 bill\u00f3n en ingresos de carrera<\/h2>\n\n\n\n<div style=\"height:50px\" aria-hidden=\"true\" class=\"wp-block-spacer\"><\/div>\n\n\n<div class=\"wp-block-image\">\n<figure class=\"aligncenter size-full\"><img loading=\"lazy\" decoding=\"async\" width=\"870\" height=\"591\" src=\"https:\/\/www.365scores.com\/es\/news\/wp-content\/uploads\/2025\/02\/STATS-ES.png\" alt=\"\" class=\"wp-image-38789\" srcset=\"https:\/\/www.365scores.com\/es\/news\/wp-content\/uploads\/2025\/02\/STATS-ES.png 870w, https:\/\/www.365scores.com\/es\/news\/wp-content\/uploads\/2025\/02\/STATS-ES-300x204.png 300w, https:\/\/www.365scores.com\/es\/news\/wp-content\/uploads\/2025\/02\/STATS-ES-768x522.png 768w, https:\/\/www.365scores.com\/es\/news\/wp-content\/uploads\/2025\/02\/STATS-ES-220x150.png 220w\" sizes=\"auto, (max-width: 870px) 100vw, 870px\" \/><\/figure><\/div>","protected":false},"excerpt":{"rendered":"<p>Las joyas ocultas del legado de Ronaldo La ilustre carrera de Cristiano Ronaldo est\u00e1 adornada con numerosos r\u00e9cords y logros ampliamente conocidos. Sin embargo, hay varias haza\u00f1as menos conocidas que destacan a\u00fan m\u00e1s su talento excepcional y su dedicaci\u00f3n al f\u00fatbol. Aqu\u00ed te presentamos algunos logros \u00fanicos que muchos fan\u00e1ticos podr\u00edan no conocer: 2.93 metros &hellip;<\/p>\n","protected":false},"author":15,"featured_media":0,"parent":38783,"menu_order":0,"comment_status":"closed","ping_status":"closed","template":"","meta":{"footnotes":""},"class_list":["post-38784","page","type-page","status-publish","hentry"],"_links":{"self":[{"href":"https:\/\/www.365scores.com\/es\/news\/wp-json\/wp\/v2\/pages\/38784","targetHints":{"allow":["GET"]}}],"collection":[{"href":"https:\/\/www.365scores.com\/es\/news\/wp-json\/wp\/v2\/pages"}],"about":[{"href":"https:\/\/www.365scores.com\/es\/news\/wp-json\/wp\/v2\/types\/page"}],"author":[{"embeddable":true,"href":"https:\/\/www.365scores.com\/es\/news\/wp-json\/wp\/v2\/users\/15"}],"replies":[{"embeddable":true,"href":"https:\/\/www.365scores.com\/es\/news\/wp-json\/wp\/v2\/comments?post=38784"}],"version-history":[{"count":0,"href":"https:\/\/www.365scores.com\/es\/news\/wp-json\/wp\/v2\/pages\/38784\/revisions"}],"up":[{"embeddable":true,"href":"https:\/\/www.365scores.com\/es\/news\/wp-json\/wp\/v2\/pages\/38783"}],"wp:attachment":[{"href":"https:\/\/www.365scores.com\/es\/news\/wp-json\/wp\/v2\/media?parent=38784"}],"curies":[{"name":"wp","href":"https:\/\/api.w.org\/{rel}","templated":true}]}}